 - 4*g**2 + 3*g - 2. What is o(2)?
12
Let j(i) = 3*i - 27. Calculate j(8).
-3
Let x(u) = -u**3 + 14*u**2 - 3*u + 10. Determine x(14).
-32
Let b(v) = 2*v**2 - 16*v - 6. Determine b(8).
-6
Let o(k) = -k**2 - 2*k - 3. Determine o(-1).
-2
Let p(a) = a + 1. Give p(-3).
-2
Let t(z) = 24*z + 244. Determine t(-10).
4
Let f(g) = -2*g**3 - 108*g**2 - 2*g - 92. What is f(-54)?
16
Let o(a) = 2*a**3 - a**2 - 3*a - 3. Calculate o(-2).
-17
Let t(w) = w**3 - 5*w**2 - w + 1. Calculate t(5).
-4
Let w(y) = y**2 + 2*y - 2. Determine w(2).
6
Let p(z) = 33*z - 12. Determine p(-1).
-45
Let p(f) = f**3 - 3*f**2 - 25*f - 14. Determine p(7).
7
Let t(y) = y**2 - 2*y - 9. What is t(-4)?
15
Let a(i) = 16*i - 294. Determine a(18).
-6
Let z(x) = 5*x**3 - 4*x**2 - x + 5. What is z(-2)?
-49
Let k(p) = -p**3 - 6*p**2 + 11*p + 14. Calculate k(-7).
-14
Let a(u) = 2*u**2 + 11*u + 17. Calculate a(0).
17
Let t(v) = 21*v - 2. Calculate t(-3).
-65
Let w(i) = 3*i**2 + 12*i - 30. Calculate w(-6).
6
Let a(u) = -9*u + 3. Calculate a(1).
-6
Let g(b) = 3*b**3 - 46*b**2 + 15*b + 7. Determine g(15).
7
Let l(v) = 2*v**3 - 7*v**2 + 6*v + 1. Determine l(4).
41
Let d(c) = c**3 + c**2 - c. Determine d(3).
33
Let q(j) = j**2 + 32*j + 8. What is q(-32)?
8
Let l(z) = -7*z**2 - 4. Calculate l(2).
-32
Let w(x) = -32*x**2 + 4*x + 4. Determine w(-1).
-32
Let q(r) = -19*r + 7. Determine q(2).
-31
Let n(d) = d**2 + 6*d - 1. What is n(-5)?
-6
Let z(o) = o**2 - 2. What is z(4)?
14
Let h(r) = -22*r - 5. Calculate h(1).
-27
Let f(g) = 7*g**3 - 2*g**2 - 2*g + 3. Determine f(1).
6
Let o(i) = i**2 - i - 6. What is o(0)?
-6
Let n(d) = d**2 - 16*d + 1. What is n(14)?
-27
Let x(o) = -18*o + 112. Give x(6).
4
Let s(m) = m**3 + m**2 - 4*m + 2. Give s(-4).
-30
Let i(a) = -a**3 - a**2 + 4. Determine i(2).
-8
Let d(q) = q**3 - 7*q - 3. Calculate d(-5).
-93
Let w(o) = -6*o - 38. Calculate w(-6).
-2
Let k(d) = -d**2 + 6*d + 11. Calculate k(7).
4
Let u(s) = -s**2 + s + 4. Give u(-4).
-16
Let p(z) = -2*z**3 - z**2 + 2*z - 2. Give p(1).
-3
Let n(k) = k**2 + 3*k + 2. Calculate n(-1).
0
Let k(y) = -y**2 - 5*y + 10. Determine k(-5).
10
Let f(v) = -13*v**3 - v**2 + 2*v - 1. What is f(1)?
-13
Let k(d) = -d**3 + 6*d**2 - 5*d - 1. Give k(2).
5
Let p(q) = 12*q**2 + 5*q + 6. Calculate p(-2).
44
Let j(b) = b**3 - 12*b**2 - 18*b + 60. Determine j(13).
-5
Let u(j) = 17*j + 89. Calculate u(-5).
4
Let s(b) = 7*b**3 + 7*b - 6. Calculate s(1).
8
Let h(g) = -g**2 + 8*g - 5. Calculate h(9).
-14
Let p(s) = -22*s + 589. What is p(27)?
-5
Let c(h) = -55*h**2. Give c(-1).
-55
Let r(t) = -t**3 - t**2 - t - 24. What is r(0)?
-24
Let j(b) = -21*b - 151. Determine j(-8).
17
Let j(m) = 3*m**2 + 1. Calculate j(-5).
76
Let u(q) = -5*q. Determine u(-3).
15
Let m(q) = 40*q - 5. Calculate m(-1).
-45
Let a(q) = -q**3 + 6*q**2 - 6*q + 5. Give a(5).
0
Let i(t) = -t**2 + 2. What is i(3)?
-7
Let b(p) = 27*p - 1. What is b(-2)?
-55
Let j(t) = -t**2 + 7*t - 1. What is j(7)?
-1
Let s(u) = -u**2 - 81. What is s(0)?
-81
Let v(o) = -35*o - 105. Calculate v(-3).
0
Let h(s) = -s**3 + 10*s**2 + 4*s - 31. Give h(10).
9
Let h(a) = -10*a + 76. What is h(7)?
6
Let w(h) = -3*h**2 + 28*h - 18. Calculate w(8).
14
Let d(y) = 29*y - 222. Determine d(8).
10
Let x(m) = -m**3 + 6*m**2 + 13*m - 25. Give x(8).
-49
Let p(i) = i**3 - 4*i**2 - 16*i + 2. Determine p(7).
37
Let l(o) = -2*o**2 + 3. What is l(4)?
-29
Let f(l) = -l**3 + 7*l**2 + 2*l - 8. Calculate f(7).
6
Let u(y) = -y**2 + 26*y - 11. What is u(25)?
14
Let m(y) = y**2 + 12*y + 1. Calculate m(-8).
-31
Let c(s) = s**2 + 4*s + 2. Calculate c(-5).
7
Let d(g) = 3*g - 3. Determine d(4).
9
Let w(y) = -y**2 - 7*y. Calculate w(-6).
6
Let w(c) = c**3 + 7*c**2 + 5*c. What is w(-6)?
6
Let b(c) = -c**3 - 7*c**2 - 5*c + 7. Give b(-5).
-18
Let o(f) = f**2 + 4*f + 8. Determine o(-4).
8
Let g(b) = b**2 + 81*b + 885. Give g(-68).
1
Let k(p) = -p**3 - 33*p**2 + 36*p + 65. Determine k(-34).
-3
Let n(s) = s + 1. Determine n(-7).
-6
Let p(x) = 8*x + 12. Give p(-5).
-28
Let c(l) = l + 5. Give c(6).
11
Let t(g) = -13*g - 357. Calculate t(-28).
7
Let u(b) = b**2 - 16*b + 10. Calculate u(16).
10
Let v(t) = 10*t + 2. Determine v(-3).
-28
Let z(w) = 2*w**3 + 2*w**2 + 3*w - 3. Give z(2).
27
Let l(a) = 2*a**2 + 32*a + 38. Calculate l(-15).
8
Let d(w) = -11*w - 62. Give d(-5).
-7
Let g(o) = o**2 + 47*o + 138. Calculate g(-44).
6
Let q(k) = 5*k + 228. Give q(-45).
3
Let r(t) = 28*t**3 + 2*t**2 - 2*t + 1. Give r(1).
29
Let g(r) = -r**3 - 9*r**2 - 18*r + 10. What is g(-6)?
10
Let r(k) = k**2 - 3*k + 4. Give r(-4).
32
Let i(g) = g**3 - 8*g**2 - 8*g - 7. Give i(9).
2
Let a(c) = -c**2 + 16*c - 58. Calculate a(9).
5
Let l(f) = -2*f**3 - 73*f**2 - 38*f - 85. Determine l(-36).
-13
Let t(u) = -12*u - 67. What is t(-18)?
149
Let z(y) = -6*y**2 - 4*y + 13. Determine z(-5).
-117
Let z(k) = k**3 + 5*k + 10. Determine z(-4).
-74
Let h(d) = d**2 + 14*d + 10. Give h(-13).
-3
Let b(w) = 21*w + 14. Give b(-1).
-7
Let b(t) = -t**3 + 19*t**2 - 54*t - 26. What is b(4)?
-2
Let t(q) = q**2 - 4*q - 3. Calculate t(5).
2
Let c(o) = o**3 + 11*o**2 - 30*o + 4. Determine c(-13).
56
Let a(y) = -3*y**3 + 22*y**2 + 13*y + 19. What is a(8)?
-5
Let f(a) = -a**3 - 3*a**2 + 2*a - 8. Give f(-4).
0
Let s(z) = z**3 + 4*z**2 + z + 2. Determine s(-3).
8
Let a(b) = b**3 + 3*b**2 + 2*b + 18. Determine a(-4).
-6
Let p(u) = -3*u + 4. Determine p(-4).
16
Let b(o) = 7*o**2 + 61*o + 19. Give b(-8).
-21
Let k(f) = f**3 - 33*f**2 + 3*f - 101. What is k(33)?
-2
Let m(y) = -2*y**3 - 2*y**2 - 3*y. What is m(-3)?
45
Let v(g) = 4*g**2 - 21*g - 8. Calculate v(8).
80
Let h(b) = 2*b**2 + b - 308. Determine h(12).
-8
Let f(d) = -d - 4. What is f(-13)?
9
Let j(z) = -4*z + 2. What is j(8)?
-30
Let m(k) = -k - 6. What is m(-7)?
1
Let t(l) = -8*l**3 - l**2 + l. Determine t(1).
-8
Let b(h) = h**2 + 13*h + 34. What is b(-12)?
22
Let y(g) = g**3 - 17*g**2 + 3*g - 24. What is y(17)?
27
Let q(h) = 4*h**3 + h - 1. Give q(1).
4
Let k(g) = -4*g**2 - 4*g + 3. What is k(1)?
-5
Let v(l) = -15*l - 52. What is v(-5)?
23
Let w(u) = 3*u**2 - 5*u + 4. What is w(4)?
32
Let x(s) = -s**2 + 14*s + 33. Determine x(14).
33
Let r(a) = 2*a**2 + 2*a. Calculate r(3).
24
Let v(k) = k + 3. What is v(17)?
20
Let y(p) = 23*p - 435. Give y(19).
2
Let n(q) = -q**3 - 10*q**2 + 8*q + 5. What is n(-11)?
38
Let i(f) = -f**3 - 10*f**2 - 19*f + 7. Calculate i(-7).
-7
Let o(r) = -r**3 + 9*r**2 + 2*r - 54. What is o(9)?
-36
Let a(i) = i + 1. Determine a(1).
2
Let i(v) = -v**2 + 35*v - 43. Calculate i(34).
-9
Let g(l) = -l**3 + l**2 + l + 7. Give g(4).
-37
Let j(y) = -3*y**2 - 18*y - 16. Determine j(-4).
8
Let b(h) = h + 39. What is b(0)?
39
Let s(w) = 11*w**2 - 57*w + 12. Give s(5).
2
Let v(u) = u**2 - u + 8. Give v(0).
8
Let i(y) = -y**2 + 13*y - 21. What is i(15)?
-51
Let m(g) = -18*g + 2. Calculate m(-7).
128
Let y(u) = 16*u - 967. Give y(60).
-7
Let w(p) = p**2 - 18*p + 20. What is w(12)?
-52
Let p(d) = -2*d**2 + 30*d - 1. Determine p(17).
-69
Let r(i) = 5*i + 11. Calculate r(-1).
6
Let v(q) = q**2 - 4*q - 4. Give v(0).
-4
Let r(l) = -46*l + 337. Calculate r(7).
15
Let y(q) = 8*q - 2. What is y(1)?
6
Let l(w) = w**3 - 12*w**2 + 28*w + 1. Give l(9).
10
Let d(r) = -r**2 - 11*r - 31. What is d(-10)?
-21
Let c(o) = -o**3 + 9*o**2 - 8*o - 8. Determine c(8).
-8
Let f(u) = -14*u**2 - 2*u + 2. Give f(1).
-14
Let a(s) = 6*s - 32. Determine a(5).
-2
Let a(f) = -f - 13. What is a(-9)?
-4
Let q(v) = 20*v**3 - 2*v**2 + v + 1. Determine q(-1).
-22
Let z(l) = l + 22. What is z(-4)?
18
Let d(i) = 2*i**2 - 8*i + 15. Give d(7).
57
Let h(n) = n**3 - 19*n**2 + 18*n - 21. What is h(18)?
-21
Let g(u) = u**2 - 17*u + 71. Give g(8).
-1
Let u(o) = o**3 - 8*o**2 + 10*o - 5. Give u(7).
16
Let o(g) = 20*g**2 - 2*g + 1. What is o(1)?
19
Let c(s) = s**2 + 12*s + 10. What is c(-12)?
10
Let l(b) = 108*b**3 - 2*b**2 + 4*b - 3. Determine l(1).
107
Let g(k) = 49*k**2 - 2*k. Calculate g(1).
47
Let g(s) = -s**3 + 11*s**2 - 9*s - 21. Give g(10).
-11
Let z(b) = 2*b**3 - 51*b**2 + 23*b + 46. Determine z(25).
-4
Let v(g) = g**3 + g**2 - 54*g + 21. Give v(-8).
5
Let b(f) = -58*f + 517. Determine b(9).
-5
Let q(j) = 3*j**2 - 32*j - 18. Give q(11).
-7
Let g(w) = -w**3 - 21*w**2 + 3*w + 68. Determine g(-21).
5
Let u(c) = c**3 + 6*c**2 - 5*c - 8. Determine u(-7).
-22
Let l(z) = -z**2 - 9*z + 6